{"id":266,"date":"2025-12-30T09:30:58","date_gmt":"2025-12-30T09:30:58","guid":{"rendered":"https:\/\/myrtokalle.com\/?page_id=266"},"modified":"2025-12-30T09:40:46","modified_gmt":"2025-12-30T09:40:46","slug":"politica-de-privacitat","status":"publish","type":"page","link":"https:\/\/myrtokalle.com\/index.php\/politica-de-privacitat\/","title":{"rendered":"Pol\u00edtica de privacitat"},"content":{"rendered":"\t\t<div data-elementor-type=\"wp-page\" data-elementor-id=\"266\" class=\"elementor elementor-266\" data-elementor-post-type=\"page\">\n\t\t\t\t<div class=\"elementor-element elementor-element-229d0adb e-flex e-con-boxed e-con e-parent\" data-id=\"229d0adb\" data-element_type=\"container\" data-settings=\"{&quot;background_background&quot;:&quot;classic&quot;,&quot;jet_parallax_layout_list&quot;:[]}\">\n\t\t\t\t\t<div class=\"e-con-inner\">\n\t\t<div class=\"elementor-element elementor-element-6caee75 e-con-full e-flex e-con e-child\" data-id=\"6caee75\" data-element_type=\"container\" data-settings=\"{&quot;jet_parallax_layout_list&quot;:[]}\">\n\t\t\t\t<div class=\"elementor-element elementor-element-4ff1e142 elementor-invisible elementor-widget elementor-widget-heading\" data-id=\"4ff1e142\" data-element_type=\"widget\" data-settings=\"{&quot;_animation&quot;:&quot;fadeInLeft&quot;}\" data-widget_type=\"heading.default\">\n\t\t\t\t\t<h1 class=\"elementor-heading-title elementor-size-default\">\nPol\u00edtica de privacitat &amp; Av\u00eds legal<\/h1>\t\t\t\t<\/div>\n\t\t<div class=\"elementor-element elementor-element-65eb417 e-con-full e-flex elementor-invisible e-con e-child\" data-id=\"65eb417\" data-element_type=\"container\" data-settings=\"{&quot;animation&quot;:&quot;fadeInRight&quot;,&quot;jet_parallax_layout_list&quot;:[]}\">\n\t\t\t\t<div class=\"elementor-element elementor-element-14253592 elementor-icon-list-ico-position-10 elementor-icon-list--layout-traditional elementor-list-item-link-full_width elementor-widget elementor-widget-icon-list\" data-id=\"14253592\" data-element_type=\"widget\" data-widget_type=\"icon-list.default\">\n\t\t\t\t\t\t\t<ul class=\"elementor-icon-list-items\">\n\t\t\t\t\t\t\t<li class=\"elementor-icon-list-item\">\n\t\t\t\t\t\t\t\t\t\t\t<a href=\"https:\/\/tebewebe.online\/naurite\/template-kit\/homepage\/\">\n\n\t\t\t\t\t\t\t\t\t\t\t\t<span class=\"elementor-icon-list-icon\">\n\t\t\t\t\t\t\t<svg aria-hidden=\"true\" class=\"e-font-icon-svg e-fas-chevron-right\" viewBox=\"0 0 320 512\" xmlns=\"http:\/\/www.w3.org\/2000\/svg\"><path d=\"M285.476 272.971L91.132 467.314c-9.373 9.373-24.569 9.373-33.941 0l-22.667-22.667c-9.357-9.357-9.375-24.522-.04-33.901L188.505 256 34.484 101.255c-9.335-9.379-9.317-24.544.04-33.901l22.667-22.667c9.373-9.373 24.569-9.373 33.941 0L285.475 239.03c9.373 9.372 9.373 24.568.001 33.941z\"><\/path><\/svg>\t\t\t\t\t\t<\/span>\n\t\t\t\t\t\t\t\t\t\t<span class=\"elementor-icon-list-text\">Home<\/span>\n\t\t\t\t\t\t\t\t\t\t\t<\/a>\n\t\t\t\t\t\t\t\t\t<\/li>\n\t\t\t\t\t\t<\/ul>\n\t\t\t\t\t\t<\/div>\n\t\t\t\t<div class=\"elementor-element elementor-element-4d928d9 elementor-widget elementor-widget-gum_heading\" data-id=\"4d928d9\" data-element_type=\"widget\" data-widget_type=\"gum_heading.default\">\n\t\t\t\t<div class=\"elementor-widget-container\">\n\t\t\t\t\t<div class=\"gum-widget-title\"><div class=\"section-main-title size-default\"><a href=\"https:\/\/myrtokalle.com\/index.php\/politica-de-privacitat\/\">Pol\u00edtica de privacitat<\/a><\/div><\/div>\t\t\t\t<\/div>\n\t\t\t\t<\/div>\n\t\t\t\t<\/div>\n\t\t\t\t<\/div>\n\t\t\t\t\t<\/div>\n\t\t\t\t<\/div>\n\t\t<div class=\"elementor-element elementor-element-590532d3 e-flex e-con-boxed e-con e-parent\" data-id=\"590532d3\" data-element_type=\"container\" data-settings=\"{&quot;jet_parallax_layout_list&quot;:[]}\">\n\t\t\t\t\t<div class=\"e-con-inner\">\n\t\t<div class=\"elementor-element elementor-element-7f475ba e-con-full e-flex e-con e-child\" data-id=\"7f475ba\" data-element_type=\"container\" data-settings=\"{&quot;jet_parallax_layout_list&quot;:[]}\">\n\t\t\t\t<div class=\"elementor-element elementor-element-a3a9476 elementor-widget elementor-widget-text-editor\" data-id=\"a3a9476\" data-element_type=\"widget\" data-widget_type=\"text-editor.default\">\n\t\t\t\t\t\t\t\t\t<p class=\"font_7 wixui-rich-text__text\">1. Pol\u00edtica de privacitat<\/p><p class=\"font_7 wixui-rich-text__text\">Responsable del tractament<br class=\"wixui-rich-text__text\" \/>La responsable de les dades \u00e9s Myrto Kalle, amb correu de contacte myrtoskitchen@gmail.com.<\/p><p class=\"font_7 wixui-rich-text__text\"><span class=\"wixGuard wixui-rich-text__text\">\u200b<\/span><\/p><p class=\"font_7 wixui-rich-text__text\">Finalitat del tractament<br class=\"wixui-rich-text__text\" \/>Les dades personals recollides (adre\u00e7a de correu electr\u00f2nic) s\u2019utilitzen exclusivament per a l\u2019enviament del butllet\u00ed informatiu (newsletter) amb novetats, receptes, articles i continguts relacionats amb l\u2019activitat de Myrto Kalle.<\/p><p class=\"font_7 wixui-rich-text__text\"><span class=\"wixGuard wixui-rich-text__text\">\u200b<\/span><\/p><p class=\"font_7 wixui-rich-text__text\">Legitimaci\u00f3<br class=\"wixui-rich-text__text\" \/>La base legal per al tractament \u00e9s el consentiment expr\u00e9s de la persona interessada, atorgat en inscriure\u2019s volunt\u00e0riament al formulari de subscripci\u00f3.<\/p><p class=\"font_7 wixui-rich-text__text\"><span class=\"wixGuard wixui-rich-text__text\">\u200b<\/span><\/p><p class=\"font_7 wixui-rich-text__text\">Conservaci\u00f3 de les dades<br class=\"wixui-rich-text__text\" \/>Les dades es conservaran mentre la persona interessada mantingui la seva subscripci\u00f3 o fins que sol\u00b7liciti la seva supressi\u00f3.<\/p><p class=\"font_7 wixui-rich-text__text\"><span class=\"wixGuard wixui-rich-text__text\">\u200b<\/span><\/p><p class=\"font_7 wixui-rich-text__text\">Destinataris<br class=\"wixui-rich-text__text\" \/>Les dades no es cediran a tercers, excepte en els casos legalment previstos.<br class=\"wixui-rich-text__text\" \/>Per a la gesti\u00f3 del butllet\u00ed s\u2019utilitza la plataforma HubSpot, que actua com a encarregada del tractament i compleix amb el Reglament (UE) 2016\/679 (RGPD) i la Llei Org\u00e0nica 3\/2018 (LOPDGDD). HubSpot pot allotjar dades en servidors situats fora de la Uni\u00f3 Europea, sota cl\u00e0usules contractuals tipus aprovades per la Comissi\u00f3 Europea.<\/p><p class=\"font_7 wixui-rich-text__text\"><span class=\"wixGuard wixui-rich-text__text\">\u200b<\/span><\/p><p class=\"font_7 wixui-rich-text__text\">Drets de les persones interessades<br class=\"wixui-rich-text__text\" \/>Pots exercir els teus drets d\u2019acc\u00e9s, rectificaci\u00f3, supressi\u00f3, oposici\u00f3, limitaci\u00f3 del tractament i portabilitat de les dades mitjan\u00e7ant un correu a myrtoskitchen@gmail.com, indicant l\u2019assumpte \u201cProtecci\u00f3 de dades\u201d.<\/p><p class=\"font_7 wixui-rich-text__text\"><span class=\"wixGuard wixui-rich-text__text\">\u200b<\/span><\/p><p class=\"font_7 wixui-rich-text__text\">Mesures de seguretat<br class=\"wixui-rich-text__text\" \/>Les dades es tracten aplicant les mesures t\u00e8cniques i organitzatives necess\u00e0ries per garantir-ne la confidencialitat i integritat.<\/p><p class=\"font_7 wixui-rich-text__text\"><span class=\"wixGuard wixui-rich-text__text\">\u200b<\/span><\/p><p class=\"font_7 wixui-rich-text__text\">2. Av\u00eds legal<\/p><p class=\"font_7 wixui-rich-text__text\">En compliment de la Llei 34\/2002, d\u201911 de juliol, de serveis de la societat de la informaci\u00f3 i del comer\u00e7 electr\u00f2nic (LSSICE), s\u2019informa que aquesta web \u00e9s titularitat de:<\/p><p class=\"font_7 wixui-rich-text__text\">Titular: Myrto Kalle<br class=\"wixui-rich-text__text\" \/>Correu electr\u00f2nic: myrtoskitchen@gmail.com<br class=\"wixui-rich-text__text\" \/>Lloc web:\u00a0<a class=\"wixui-rich-text__text\" href=\"https:\/\/www.myrtokalle.com\/\" target=\"_blank\" rel=\"noreferrer noopener\">https:\/\/www.myrtokalle.com<\/a><br class=\"wixui-rich-text__text\" \/>Domicili: Espanya<\/p><p class=\"font_7 wixui-rich-text__text\">Finalitat del lloc web<\/p><p class=\"font_7 wixui-rich-text__text\"><br class=\"wixui-rich-text__text\" \/>Aquesta web t\u00e9 com a objectiu oferir informaci\u00f3 sobre receptes, cuina saludable i activitats relacionades amb la cuina, aix\u00ed com permetre la subscripci\u00f3 al butllet\u00ed informatiu.<\/p><p class=\"font_7 wixui-rich-text__text\"><span class=\"wixGuard wixui-rich-text__text\">\u200b<\/span><\/p><p class=\"font_7 wixui-rich-text__text\">Propietat intel\u00b7lectual i industrial<br class=\"wixui-rich-text__text\" \/>Tots els continguts, textos, imatges i dissenys d\u2019aquest lloc web s\u00f3n propietat de Myrto Kalle, excepte aquells materials amb cr\u00e8dits espec\u00edfics, i no poden ser reprodu\u00efts, distribu\u00efts o utilitzats sense autoritzaci\u00f3 pr\u00e8via.<\/p>\t\t\t\t\t\t\t\t<\/div>\n\t\t\t\t<\/div>\n\t\t\t\t\t<\/div>\n\t\t\t\t<\/div>\n\t\t\t\t<\/div>\n\t\t","protected":false},"excerpt":{"rendered":"<p>Pol\u00edtica de privacitat &amp; Av\u00eds legal Home Pol\u00edtica de privacitat 1. Pol\u00edtica de privacitat Responsable del tractamentLa responsable de les dades \u00e9s Myrto Kalle, amb correu de contacte myrtoskitchen@gmail.com. \u200b Finalitat del tractamentLes dades personals recollides (adre\u00e7a de correu electr\u00f2nic) s\u2019utilitzen exclusivament per a l\u2019enviament del butllet\u00ed informatiu (newsletter) amb novetats, receptes, articles i continguts [&hellip;]<\/p>\n","protected":false},"author":1,"featured_media":0,"parent":0,"menu_order":0,"comment_status":"closed","ping_status":"closed","template":"elementor_header_footer","meta":{"footnotes":""},"class_list":["post-266","page","type-page","status-publish","hentry"],"_links":{"self":[{"href":"https:\/\/myrtokalle.com\/index.php\/wp-json\/wp\/v2\/pages\/266","targetHints":{"allow":["GET"]}}],"collection":[{"href":"https:\/\/myrtokalle.com\/index.php\/wp-json\/wp\/v2\/pages"}],"about":[{"href":"https:\/\/myrtokalle.com\/index.php\/wp-json\/wp\/v2\/types\/page"}],"author":[{"embeddable":true,"href":"https:\/\/myrtokalle.com\/index.php\/wp-json\/wp\/v2\/users\/1"}],"replies":[{"embeddable":true,"href":"https:\/\/myrtokalle.com\/index.php\/wp-json\/wp\/v2\/comments?post=266"}],"version-history":[{"count":0,"href":"https:\/\/myrtokalle.com\/index.php\/wp-json\/wp\/v2\/pages\/266\/revisions"}],"wp:attachment":[{"href":"https:\/\/myrtokalle.com\/index.php\/wp-json\/wp\/v2\/media?parent=266"}],"curies":[{"name":"wp","href":"https:\/\/api.w.org\/{rel}","templated":true}]}}